= q**3 + 7*q**2 + 12*q + 12. Let y be x(o). Is (-8)/6 - 43568/y a composite number?
True
Suppose 86*j - 876007 = 789555. Is j prime?
False
Let s(i) = 122*i**2 - 304*i - 17. Is s(-25) composite?
False
Suppose -296*d = -245*d - 734043. Is d composite?
True
Let n = 93672 + 9187. Is n a composite number?
False
Suppose 63*l - 2840830 - 403859 = 0. Is l a prime number?
True
Suppose 0 = -5*v + 40 - 0. Suppose 117100 = v*m - 116780. Is (8/12)/(10/m) composite?
False
Let i(q) = 362*q**2 + 13*q - 3. Let v(s) = -s. Let y(f) = f**3 - 10*f**2 + 8*f + 10. Let a be y(9). Let h(g) = a*i(g) + 6*v(g). Is h(-4) a composite number?
True
Let t(k) be the first derivative of k**4/4 + 28*k**3/3 - 22*k**2 + 8*k + 48. Is t(-23) composite?
True
Let s = -2917 + 4967. Suppose 3*g - s = 2645. Suppose -g + 248 = -3*y. Is y a composite number?
False
Let z(s) = 15*s**3 - 4*s**2 - 12*s - 1. Let o(d) = -16*d + 232. Let w be o(14). Is z(w) a prime number?
False
Is (1 + -11)*90158/(-244) prime?
False
Let z(b) = -10*b + 4*b**2 - 41 - 6*b + 7*b. Let w be z(19). Suppose 1241 = 2*r + 5*y, -2*r + 0*y + w = 2*y. Is r a prime number?
True
Let j(a) = 2013*a - 39. Let i be j(9). Suppose -4*s - 3*d + 1279 = -i, 3*d = s - 4828. Is s a prime number?
False
Suppose 2*c - 702 = -3*m - 0*m, 4*m - 3*c - 936 = 0. Suppose -m*u + 230*u + 10436 = 0. Is u a prime number?
True
Let r(x) = 43*x**2 + 165*x - 7. Let s be r(-6). Let g be (2/4)/(2/12). Suppose -2*z + 4 = -0, g*z = d - s. Is d a composite number?
False
Let g(o) = -o**3 + 15*o**2 - 11*o + 11. Let q be g(14). Suppose -4*c + 324 = -2*l, -2*l + 23 = c - q. Suppose -4*h - 673 = -m, -2*m = -h - c - 1280. Is m prime?
False
Let w(l) = 4122*l**2 + 3*l. Let a be 3/((-2)/(-3)*(-126)/28). Is w(a) a composite number?
True
Let h = 49 + -47. Let x be (1 - -1)/(h*(-3)/9). Is (-1167)/(-2) + x/(-2) + 2 a prime number?
True
Suppose 7*x - 32 = 4*x - 5*m, -36 = -5*x - 4*m. Suppose 5*s - x*z - 3117 = 2*s, 0 = -5*z + 15. Is s a composite number?
True
Suppose 3*t - 2*l - 35 + 12 = 0, 0 = 2*t + 3*l - 24. Suppose -12*k + 99 = -t*k. Is 178*(k/6)/1 a prime number?
False
Let m(d) = 518*d + 17. Let w be m(-4). Let g = -1223 - w. Let c = 1491 - g. Is c a prime number?
True
Let q(s) = 4524*s**2 + 846*s + 5849. Is q(-7) composite?
False
Let x = -380383 - -696438. Is x a composite number?
True
Let t be 7 - (6 + 0 + -4). Suppose -3*i - 241 + 4374 = -t*j, 5526 = 4*i + j. Is i composite?
False
Let m(l) = -1015*l + 86. Let z be m(-10). Let w = z + 5797. Is w prime?
True
Is 2 + -7212882*2/(-72) + 5/(-6) composite?
True
Suppose -487452 - 1003660 = -8*o. Is o prime?
False
Let c(i) be the second derivative of i**5/20 + 3*i**4/2 - 4*i**3/3 + 39*i**2 + 22*i. Is c(-13) composite?
True
Let r be (-1)/1 + 1 - -1*275. Let g = r + -189. Suppose -g = 7*p - 457. Is p a composite number?
False
Let w = -6638 - -29880. Is w composite?
True
Let z(w) = 819*w**2 + 390*w + 35. Is z(-16) a composite number?
False
Suppose -5*k + 2*q = -1924809, 11*k = 6*k + 4*q + 1924823. Is k composite?
True
Suppose 92*k - 42*k - 46*k = 350084. Is k a prime number?
False
Suppose -3 = 3*o, 5*o - 2*o - 78 = 3*n. Let z(s) be the second derivative of -11*s**3/6 + 5*s**2 + 61*s. Is z(n) prime?
True
Let j = 390 + -220. Let t be j/51*(-1 + 10/4). Is 1146 + -4 + t - -4 a prime number?
True
Let d(f) = -f**2 - 7*f - 1. Suppose 15*r = 2*r - 26. Let k be d(r). Is 15/2*k/((-108)/(-536)) a prime number?
False
Suppose 65*i - 2210049 - 1959766 = 0. Is i composite?
False
Let j = -9184 - 3952. Let n = j - -19201. Is n composite?
True
Let o be (-540 - 51) + 1 + -1 + -5. Let x = o + 1215. Is x prime?
True
Let r(m) = -1310*m - 183. Is r(-11) prime?
False
Let g(c) = 773*c**2 + 11*c + 45. Let s be g(12). Suppose -s - 97819 = -44*h. Is h a prime number?
False
Suppose 19*i = 18*i + 4*x + 300277, 0 = -3*i + 3*x + 900858. Is i a composite number?
True
Let z = 50627 - -821856. Is z composite?
True
Suppose 60*i - 1208511 = 7419309. Is i composite?
False
Let n be (-1 + 0)*2 + 877. Suppose -433 = -12*c + n. Suppose -4*f + c = 25. Is f a prime number?
False
Let y(z) = -2*z**3 + 16*z**2 - 113*z + 161. Is y(-52) prime?
False
Let m be -2 + 4/(1 + 1). Suppose m = -3*c + 12, 2*g - c - 4709 = 5*g. Let i = g - -4278. Is i a composite number?
False
Suppose 0 = 5*s - 6*s - 4*a + 16297, s - 2*a - 16315 = 0. Is s a composite number?
True
Let q(h) = -8*h**3 + 9*h**2 - h + 6. Let v be q(6). Let g = -703 - v. Is g a composite number?
False
Let h = -5160 - -8039. Let c = -838 + h. Is c a prime number?
False
Let t(g) = -g**2 - 16*g - 2. Let u be (-1)/(-5) - (-616)/(-55). Let z be t(u). Let m = z - -36. Is m prime?
True
Let p(y) = -y**3 - 9*y**2 - 6*y + 19. Let i be p(-8). Suppose -i*r = 3*c, -r - r = -2*c. Suppose 884 = d - 3*x, 0 = 4*d + x - r*x - 3471. Is d composite?
True
Let f(u) = 3*u**2 - 25*u + 51071. Is f(0) a prime number?
True
Let f(q) = q**2 + q - 1. Let w(i) = -3*i**2 - 18*i - 13. Let u(d) = 6*f(d) + w(d). Is u(-26) a prime number?
False
Let u(g) = -32*g**2 - 11*g + 20. Let d be u(2). Is (-418710)/d - (-6)/39 a prime number?
True
Let c(b) = 11687*b + 14212. Is c(27) a prime number?
True
Let o = 2044 - 1029. Let l = o - -2644. Is l a prime number?
True
Is ((-37)/(-74))/((-4)/(-109808)*2) a prime number?
True
Suppose 841 + 503 = 8*x. Is ((-17002)/7)/((-48)/x) a composite number?
False
Suppose 0 = 4*c, t = -3*t + 4*c + 84. Let n be (-6)/t + 75/(-7). Let u = n - -172. Is u composite?
True
Let i(d) = -7*d**3 - 16*d**2 - 13*d + 25. Suppose -5*q + 0*q = h - 18, 13 = h + 4*q. Is i(h) composite?
False
Let b(r) = -51*r**3 - 36*r**2 + 133*r - 25. Is b(-19) prime?
True
Let m = 511544 - 166165. Is m composite?
False
Let p(h) = -h**2 - 9*h + 13. Let j be p(-10). Suppose 7*g + 3*o + 9728 = 9*g, -3*o = j*g - 14577. Is g a prime number?
True
Suppose -t + 2*u = -35 - 109, 4*t - 555 = u. Let n be (-21)/(-6) + ((-18)/(-4))/(-3). Is (t/12)/(374/(-188) + n) a composite number?
True
Let c(v) = 375*v**3 + 56*v**2 - 6*v - 6. Is c(5) a composite number?
False
Let d be 1/(6/(-88) - (-4)/(-22)). Let y(n) = -n**3 - 4*n**2 - 3*n - 9. Let c be y(d). Is (-15)/c - (1 - 340) a prime number?
False
Let c(j) = -j**3 + 2*j**2 + 5*j - 5. Let u be c(8). Let y(b) = b**3 + 4. Let a be y(8). Let m = a - u. Is m a prime number?
False
Suppose v = -3*u + 2552, 0*u = 3*v - 4*u - 7669. Suppose b = 2*x + v, b - 5*b + 10241 = -x. Is b prime?
False
Let r(i) = -429*i + 5. Suppose -10 = -5*c, 5*q = 4*q + c - 8. Is r(q) prime?
True
Let g = -57709 - -37075. Let y = g - -49757. Is y prime?
True
Let h = -234585 - -365452. Is h a composite number?
True
Suppose k + 513480 = 2*f, 0*f - 2*k - 1283699 = -5*f. Is f prime?
False
Suppose -3*f = -7*f + 9816. Suppose -3*w - 2*z - 1838 = 0, -4*w + z - f = 3*z. Let j = w - -1383. Is j a composite number?
True
Let y(i) = -i**3 + 2*i**2 - i + 10. Let x be y(0). Suppose 14350 = x*z + 360. Is z a composite number?
False
Let d = 428 - 425. Suppose -16654 = -2*g + 4*f, d*g - 2*g = f + 8327. Is g composite?
True
Suppose 0 = -2*c + 2*a + 103572, 0 = -c - 216*a + 211*a + 51780. Is c composite?
True
Let c = 132995 + -82948. Is c a composite number?
False
Suppose 22*y - 18*y = q - 78, q + 2*y = 66. Is ((-3697)/(-5))/(-2*(-7)/q) a composite number?
False
Let a(q) = -q**3 + 10*q**2 + q + 8. Let d be a(10). Suppose 11*u + d = 2*u. Is u/3*17482*(-6)/8 a composite number?
False
Let q = -15482 - -8103. Let k = 9362 - q. Is k a composite number?
False
Let x = 290 - 258. Suppose 4*n + x - 24 = 0, 5*d - 2449 = -3*n. Is d composite?
False
Let v = 19040 + -39943. Let s = -11980 - v. Is s a composite number?
False
Let q(i) = 89*i**3 - 4*i**2 + 10*i + 14. Let k(l) = -89*l**3 + 4*l**2 - 12*l - 16. Let u(z) = 2*k(z) + 3*q(z). Is u(5) a prime number?
False
Let j = 123855 - 67742. Is j prime?
True
Let l(j) = 885*j + 2. Let p(i) = -3541*i - 7. Let n(r) = 22*l(r) + 6*p(r). Let u be n(-2). Suppose 715 = -4*c + 5*c + 2*v, -5*c + u = 3*v. Is c a prime number?
True
Suppose -217422 = -4*b - 3*s, 4*b = -2*s + 189887 + 27537. Is b composite?
True
Let x(p) = -1362*p + 182. Let h be x(29). Let j = -23789 - h. Is j composite?
False
Let j = 260 + -258. Suppose -3*b = 11*i - 16*i + 39101, 3*i + j*b - 23453 = 0. Is i a composite number?
True
Let x(p) = -p**2 + 5*p + 6. Let l be x(6). Suppose 3*d - 53691 = 3*